{"id":4305,"date":"2020-03-31T11:56:04","date_gmt":"2020-03-31T11:56:04","guid":{"rendered":"https:\/\/yihr.me\/alb\/?page_id=4305"},"modified":"2020-03-31T11:56:05","modified_gmt":"2020-03-31T11:56:05","slug":"dokumentat","status":"publish","type":"page","link":"https:\/\/yihr.me\/alb\/dokumentat\/","title":{"rendered":"DOKUMENTAT"},"content":{"rendered":"\n<p><a href=\"https:\/\/yihr.me\/alb\/wp-content\/uploads\/2020\/03\/Publikacija-ALB.pdf\">Mekanizmat p\u00ebr Parandalimin e Tortur\u00ebs n\u00eb Ballkanin Per\u00ebndimor Shqip\u00ebria, Mali i Zi dhe Serbia<\/a><\/p>\n\n\n\n<p><a href=\"https:\/\/yihr.me\/alb\/wp-content\/uploads\/2020\/03\/Manual-report-albanian.pdf\">Udh\u00ebzues p\u00ebr t\u00eb luftuar mosnd\u00ebshkimin p\u00ebr tortur\u00eb dhe shkelje t\u00eb tjera t\u00eb t\u00eb drejtave t\u00eb njeriut<\/a><\/p>\n\n\n\n<p><a href=\"https:\/\/yihr.me\/alb\/wp-content\/uploads\/2020\/03\/Monitorimi-i-vendeve-t\u00eb-vuajtjes-s\u00eb-d\u00ebnimit-n\u00eb-Shqip\u00ebri.pdf\">Monitorimi i vendeve t\u00eb vuajtjes s\u00eb d\u00ebnimit n\u00eb Shqip\u00ebri<\/a><\/p>\n\n\n\n<p><a href=\"https:\/\/yihr.me\/alb\/wp-content\/uploads\/2020\/03\/cg-izvestaj-2009-alb.pdf\" target=\"_blank\" rel=\"noreferrer noopener\" aria-label=\" (opens in a new tab)\">Informimi n\u00eb gjuh\u00ebt e pakicave dhe p\u00ebrmbajtjet mbi kultur\u00ebn dhe tradit\u00ebn e popujve pakic\u00eb n\u00eb Sh\u00ebrbimin publik n\u00eb Mal t\u00eb Zi<\/a><\/p>\n","protected":false},"excerpt":{"rendered":"<p>Mekanizmat p\u00ebr Parandalimin e Tortur\u00ebs n\u00eb Ballkanin Per\u00ebndimor Shqip\u00ebria, Mali i Zi dhe Serbia Udh\u00ebzues p\u00ebr t\u00eb luftuar mosnd\u00ebshkimin p\u00ebr tortur\u00eb dhe shkelje t\u00eb tjera t\u00eb t\u00eb drejtave t\u00eb njeriut Monitorimi i vendeve t\u00eb vuajtjes s\u00eb d\u00ebnimit n\u00eb Shqip\u00ebri Informimi n\u00eb gjuh\u00ebt e pakicave dhe p\u00ebrmbajtjet mbi kultur\u00ebn dhe tradit\u00ebn [&hellip;]<\/p>\n","protected":false},"author":1,"featured_media":0,"parent":0,"menu_order":0,"comment_status":"closed","ping_status":"closed","template":"","meta":{"footnotes":""},"class_list":["post-4305","page","type-page","status-publish","hentry"],"aioseo_notices":[],"_links":{"self":[{"href":"https:\/\/yihr.me\/alb\/wp-json\/wp\/v2\/pages\/4305","targetHints":{"allow":["GET"]}}],"collection":[{"href":"https:\/\/yihr.me\/alb\/wp-json\/wp\/v2\/pages"}],"about":[{"href":"https:\/\/yihr.me\/alb\/wp-json\/wp\/v2\/types\/page"}],"author":[{"embeddable":true,"href":"https:\/\/yihr.me\/alb\/wp-json\/wp\/v2\/users\/1"}],"replies":[{"embeddable":true,"href":"https:\/\/yihr.me\/alb\/wp-json\/wp\/v2\/comments?post=4305"}],"version-history":[{"count":0,"href":"https:\/\/yihr.me\/alb\/wp-json\/wp\/v2\/pages\/4305\/revisions"}],"wp:attachment":[{"href":"https:\/\/yihr.me\/alb\/wp-json\/wp\/v2\/media?parent=4305"}],"curies":[{"name":"wp","href":"https:\/\/api.w.org\/{rel}","templated":true}]}}