{"id":4315,"date":"2020-03-31T12:09:33","date_gmt":"2020-03-31T12:09:33","guid":{"rendered":"https:\/\/yihr.me\/alb\/?page_id=4315"},"modified":"2020-04-28T14:38:16","modified_gmt":"2020-04-28T14:38:16","slug":"monitorimi-i-te-drejtave-njerzore","status":"publish","type":"page","link":"https:\/\/yihr.me\/alb\/monitorimi-i-te-drejtave-njerzore\/","title":{"rendered":"MONITORIMI I T\u00cb DREJTAVE T\u00cb NJERIUT"},"content":{"rendered":"\n<div style=\"height:50px\" aria-hidden=\"true\" class=\"wp-block-spacer\"><\/div>\n\n\n\n<p>Monitorimi i t\u00eb drejtave t\u00eb njeriut p\u00ebrfshin hetimin dhe dokumentimin e shkeljeve t\u00eb t\u00eb drejtave t\u00eb njeriut dhe ndjekjen e tyre para gjykatave kompetente. T\u00eb gjitha aktivitetet e nd\u00ebrmarra n\u00eb k\u00ebt\u00eb program kan\u00eb p\u00ebr q\u00ebllim mbrojtjen e viktimave t\u00eb shkeljeve t\u00eb t\u00eb drejtave t\u00eb njeriut dhe vendosjen e sundimit t\u00eb ligjit. N\u00eb fokus t\u00eb hulumtimit jan\u00eb rastet e torturave t\u00eb policis\u00eb, dhun\u00ebs s\u00eb motivuar politike, diskriminimit dhe t\u00eb drejtat e minoriteteve. Kur b\u00ebhet fjal\u00eb p\u00ebr torturat e policis\u00eb dhe dhun\u00ebn e motivuar politike, p\u00ebrve\u00e7 hetimit dhe dokumentimit t\u00eb rasteve t\u00eb torturave, Nisma siguron mbrojtje ligjore p\u00ebr viktimat. Nisma informon publikun p\u00ebr shtrirjen e shkeljeve t\u00eb t\u00eb drejtave t\u00eb njeriut n\u00eb fush\u00ebn e torturave me raporte periodike dhe kur \u00ebsht\u00eb e p\u00ebrshtatshme, njoftime publike, duke mbrojtur vet\u00eb viktimat e torturave. Disa nga ligjet kalimtare q\u00eb jan\u00eb miratuar n\u00eb rajon vitet e fundit p\u00ebrmbajn\u00eb mekanizma q\u00eb sh\u00ebrbejn\u00eb p\u00ebr realizimin dhe mbrojtjen e t\u00eb drejtave t\u00eb njeriut. Duke monitoruar shkall\u00ebn n\u00eb t\u00eb cil\u00ebn k\u00ebto mekanizma jan\u00eb zbatuar, Nisma k\u00ebrkon t\u00eb p\u00ebrcaktoj\u00eb se cili nga k\u00ebta mekanizma jan\u00eb duke punuar dhe zbatimi i t\u00eb cil\u00ebve nuk \u00ebsht\u00eb realizuar. N\u00eb k\u00ebt\u00eb m\u00ebnyr\u00eb, mund t\u00eb nxirren p\u00ebrfundime t\u00eb qarta p\u00ebr d\u00ebnimin dhe pand\u00ebshkueshm\u00ebrin\u00eb p\u00ebr shkeljet e t\u00eb drejtave t\u00eb njeriut. N\u00eb autoritetet shtet\u00ebrore po b\u00ebhet presion n\u00eb k\u00ebt\u00eb drejtim p\u00ebr t\u00eb ndryshuar disa ligje me zgjidhje m\u00eb adekuate.<br><\/p>\n\n\n\n<p>Nisma deri m\u00eb tani ka publikuar dhjet\u00ebra raporte p\u00ebr t\u00eb drejtat e njeriut, me referenc\u00eb t\u00eb ve\u00e7ant\u00eb p\u00ebr t\u00eb drejtat e popujve pakic\u00eb n\u00eb Mal t\u00eb Zi, diskriminimin ndaj tyre, viktimat e torturave dhe t\u00eb tjer\u00eb.<br><\/p>\n\n\n\n<div style=\"height:100px\" aria-hidden=\"true\" class=\"wp-block-spacer\"><\/div>\n","protected":false},"excerpt":{"rendered":"<p>Monitorimi i t\u00eb drejtave t\u00eb njeriut p\u00ebrfshin hetimin dhe dokumentimin e shkeljeve t\u00eb t\u00eb drejtave t\u00eb njeriut dhe ndjekjen e tyre para gjykatave kompetente. T\u00eb gjitha aktivitetet e nd\u00ebrmarra n\u00eb k\u00ebt\u00eb program kan\u00eb p\u00ebr q\u00ebllim mbrojtjen e viktimave t\u00eb shkeljeve t\u00eb t\u00eb drejtave t\u00eb njeriut dhe vendosjen e sundimit t\u00eb [&hellip;]<\/p>\n","protected":false},"author":1,"featured_media":0,"parent":0,"menu_order":0,"comment_status":"closed","ping_status":"closed","template":"","meta":{"footnotes":""},"class_list":["post-4315","page","type-page","status-publish","hentry"],"aioseo_notices":[],"_links":{"self":[{"href":"https:\/\/yihr.me\/alb\/wp-json\/wp\/v2\/pages\/4315","targetHints":{"allow":["GET"]}}],"collection":[{"href":"https:\/\/yihr.me\/alb\/wp-json\/wp\/v2\/pages"}],"about":[{"href":"https:\/\/yihr.me\/alb\/wp-json\/wp\/v2\/types\/page"}],"author":[{"embeddable":true,"href":"https:\/\/yihr.me\/alb\/wp-json\/wp\/v2\/users\/1"}],"replies":[{"embeddable":true,"href":"https:\/\/yihr.me\/alb\/wp-json\/wp\/v2\/comments?post=4315"}],"version-history":[{"count":0,"href":"https:\/\/yihr.me\/alb\/wp-json\/wp\/v2\/pages\/4315\/revisions"}],"wp:attachment":[{"href":"https:\/\/yihr.me\/alb\/wp-json\/wp\/v2\/media?parent=4315"}],"curies":[{"name":"wp","href":"https:\/\/api.w.org\/{rel}","templated":true}]}}

MONITORIMI I TË DREJTAVE TË NJERIUT

<div style="height:50px" aria-hidden="true" class="wp-block-spacer"></div>



<p>Monitorimi i të drejtave të njeriut përfshin hetimin dhe dokumentimin e shkeljeve të të drejtave të njeriut dhe ndjekjen e tyre para gjykatave kompetente. Të gjitha aktivitetet e ndërmarra në këtë program kanë për qëllim mbrojtjen e viktimave të shkeljeve të të drejtave të njeriut dhe vendosjen e sundimit të ligjit. Në fokus të hulumtimit janë rastet e torturave të policisë, dhunës së motivuar politike, diskriminimit dhe të drejtat e minoriteteve. Kur bëhet fjalë për torturat e policisë dhe dhunën e motivuar politike, përveç hetimit dhe dokumentimit të rasteve të torturave, Nisma siguron mbrojtje ligjore për viktimat. Nisma informon publikun për shtrirjen e shkeljeve të të drejtave të njeriut në fushën e torturave me raporte periodike dhe kur është e përshtatshme, njoftime publike, duke mbrojtur vetë viktimat e torturave. Disa nga ligjet kalimtare që janë miratuar në rajon vitet e fundit përmbajnë mekanizma që shërbejnë për realizimin dhe mbrojtjen e të drejtave të njeriut. Duke monitoruar shkallën në të cilën këto mekanizma janë zbatuar, Nisma kërkon të përcaktojë se cili nga këta mekanizma janë duke punuar dhe zbatimi i të cilëve nuk është realizuar. Në këtë mënyrë, mund të nxirren përfundime të qarta për dënimin dhe pandëshkueshmërinë për shkeljet e të drejtave të njeriut. Në autoritetet shtetërore po bëhet presion në këtë drejtim për të ndryshuar disa ligje me zgjidhje më adekuate.<br></p>



<p>Nisma deri më tani ka publikuar dhjetëra raporte për të drejtat e njeriut, me referencë të veçantë për të drejtat e popujve pakicë në Mal të Zi, diskriminimin ndaj tyre, viktimat e torturave dhe të tjerë.<br></p>



<div style="height:100px" aria-hidden="true" class="wp-block-spacer"></div>

<p>Monitorimi i të drejtave të njeriut përfshin hetimin dhe dokumentimin e shkeljeve të të drejtave të njeriut dhe ndjekjen e tyre para gjykatave kompetente. Të gjitha aktivitetet e ndërmarra në këtë program kanë për qëllim mbrojtjen e viktimave të shkeljeve të të drejtave të njeriut dhe vendosjen e sundimit të [&hellip;]</p>
