{"id":4317,"date":"2020-03-31T12:09:51","date_gmt":"2020-03-31T12:09:51","guid":{"rendered":"https:\/\/yihr.me\/alb\/?page_id=4317"},"modified":"2023-10-13T09:21:09","modified_gmt":"2023-10-13T09:21:09","slug":"raportet","status":"publish","type":"page","link":"https:\/\/yihr.me\/alb\/raportet\/","title":{"rendered":"RAPORTET"},"content":{"rendered":"<p><a href=\"https:\/\/yihr.me\/alb\/wp-content\/uploads\/2023\/10\/Raznolikost-u-fokusu-ALB.pdf\">Diversiteti n\u00eb fokus &#8211; qendrimet e t\u00eb rinjve ndaj toleranc\u00ebs dhe gjith\u00ebp\u00ebrfshirjes<\/a><br \/>\n<a href=\"https:\/\/yihr.me\/alb\/wp-content\/uploads\/2021\/12\/YIHR-Evropska-zatvorska-pravila-alb.pdf\" target=\"_blank\" rel=\"noopener\">Rregullat evropiane t\u00eb burgjeve<\/a><\/p>\n","protected":false},"excerpt":{"rendered":"<p>Diversiteti n\u00eb fokus &#8211; qendrimet e t\u00eb rinjve ndaj toleranc\u00ebs dhe gjith\u00ebp\u00ebrfshirjes Rregullat evropiane t\u00eb burgjeve<\/p>\n","protected":false},"author":1,"featured_media":0,"parent":0,"menu_order":0,"comment_status":"closed","ping_status":"closed","template":"","meta":{"footnotes":""},"class_list":["post-4317","page","type-page","status-publish","hentry"],"aioseo_notices":[],"_links":{"self":[{"href":"https:\/\/yihr.me\/alb\/wp-json\/wp\/v2\/pages\/4317","targetHints":{"allow":["GET"]}}],"collection":[{"href":"https:\/\/yihr.me\/alb\/wp-json\/wp\/v2\/pages"}],"about":[{"href":"https:\/\/yihr.me\/alb\/wp-json\/wp\/v2\/types\/page"}],"author":[{"embeddable":true,"href":"https:\/\/yihr.me\/alb\/wp-json\/wp\/v2\/users\/1"}],"replies":[{"embeddable":true,"href":"https:\/\/yihr.me\/alb\/wp-json\/wp\/v2\/comments?post=4317"}],"version-history":[{"count":0,"href":"https:\/\/yihr.me\/alb\/wp-json\/wp\/v2\/pages\/4317\/revisions"}],"wp:attachment":[{"href":"https:\/\/yihr.me\/alb\/wp-json\/wp\/v2\/media?parent=4317"}],"curies":[{"name":"wp","href":"https:\/\/api.w.org\/{rel}","templated":true}]}}